{"id":60,"date":"2016-01-12T18:05:52","date_gmt":"2016-01-12T17:05:52","guid":{"rendered":"http:\/\/www.reseau-to.fr\/site\/?page_id=60"},"modified":"2025-03-26T08:55:06","modified_gmt":"2025-03-26T07:55:06","slug":"nos-reunions-2","status":"publish","type":"page","link":"https:\/\/www.reseau-to.fr\/site\/?page_id=60","title":{"rendered":"Nos rencontres"},"content":{"rendered":"","protected":true},"excerpt":{"rendered":"","protected":true},"author":2,"featured_media":0,"parent":662,"menu_order":1,"comment_status":"closed","ping_status":"closed","template":"","meta":{"jetpack_post_was_ever_published":false,"footnotes":""},"class_list":["post-60","page","type-page","status-publish","post-password-required","hentry"],"jetpack_sharing_enabled":true,"jetpack_shortlink":"https:\/\/wp.me\/ParR3h-Y","jetpack-related-posts":[{"id":219,"url":"https:\/\/www.reseau-to.fr\/site\/?page_id=219","url_meta":{"origin":60,"position":0},"title":"Seconde rencontre du r\u00e9seau","author":"Jean-Fran\u00e7ois Martel","date":"12 mars 2016","format":false,"excerpt":"RESUME DE LA 2\u00e8me rencontre RESEAU TO 15 mars 2014 PARISPour \u00e9crire \u00e0 tous, une seule adresse: \u00a0participants@listes.reseau-to.fr4 r\u00e8gles d'utilisation:Utiliser cet alias pour diffuser newsletters, spectacles, questions et propositions.Mettre toujours un \"objet\" bien clairN'envoyer que des infos, textes, questions ou avis qui concernent tout le monde.N'utiliser cette adresse que pour\u2026","rel":"","context":"Article similaire","block_context":{"text":"Article similaire","link":""},"img":{"alt_text":"","src":"","width":0,"height":0},"classes":[]},{"id":14568,"url":"https:\/\/www.reseau-to.fr\/site\/?page_id=14568","url_meta":{"origin":60,"position":1},"title":"Rencontre du r\u00e9seau du Th\u00e9\u00e2tre de l\u2019opprim\u00e9 n\u00b0 20 &#8211; Septembre 2025","author":"Jean-Fran\u00e7ois Martel","date":"5 janvier 2026","format":false,"excerpt":"A Paris- 13\u00e8me arrondissement- Centre social Sommaire\u00a0: A- Les groupes et personnes pr\u00e9sentes B- Pr\u00e9sentation du m\u00e9moire d\u2019Armelle\u00a0: l\u2019instrumentalisation en th\u00e9\u00e2tre forum C- Th\u00e9matique du week-end\u00a0: Les commandes tordues\u00a0! D- Assembl\u00e9e g\u00e9n\u00e9rale E- Travail sur le fonctionnement du r\u00e9seau, les cotisations et les statuts F- Les prochaines rencontres G- \u00c9change\u2026","rel":"","context":"Article similaire","block_context":{"text":"Article similaire","link":""},"img":{"alt_text":"","src":"https:\/\/i0.wp.com\/www.reseau-to.fr\/site\/wp-content\/uploads\/2025\/12\/20250927_171942.jpg?resize=350%2C200","width":350,"height":200,"srcset":"https:\/\/i0.wp.com\/www.reseau-to.fr\/site\/wp-content\/uploads\/2025\/12\/20250927_171942.jpg?resize=350%2C200 1x, https:\/\/i0.wp.com\/www.reseau-to.fr\/site\/wp-content\/uploads\/2025\/12\/20250927_171942.jpg?resize=525%2C300 1.5x, https:\/\/i0.wp.com\/www.reseau-to.fr\/site\/wp-content\/uploads\/2025\/12\/20250927_171942.jpg?resize=700%2C400 2x"},"classes":[]},{"id":14571,"url":"https:\/\/www.reseau-to.fr\/site\/?page_id=14571","url_meta":{"origin":60,"position":2},"title":"20e Rencontre du r\u00e9seau du Th\u00e9\u00e2tre de l\u2019opprim\u00e9 &#8211; Septembre 2025","author":"Jean-Fran\u00e7ois Martel","date":"5 janvier 2026","format":false,"excerpt":"A Paris- 13\u00e8me arrondissement- Centre social Sommaire\u00a0: A- Les groupes et personnes pr\u00e9sentes B- Pr\u00e9sentation du m\u00e9moire d\u2019Armelle\u00a0: l\u2019instrumentalisation en th\u00e9\u00e2tre forum C- Th\u00e9matique du week-end\u00a0: Les commandes tordues\u00a0! D- Assembl\u00e9e g\u00e9n\u00e9rale E- Travail sur le fonctionnement du r\u00e9seau, les cotisations et les statuts F- Les prochaines rencontres G- \u00c9change\u2026","rel":"","context":"Article similaire","block_context":{"text":"Article similaire","link":""},"img":{"alt_text":"","src":"https:\/\/i0.wp.com\/www.reseau-to.fr\/site\/wp-content\/uploads\/2025\/12\/20250927_171942.jpg?resize=350%2C200","width":350,"height":200,"srcset":"https:\/\/i0.wp.com\/www.reseau-to.fr\/site\/wp-content\/uploads\/2025\/12\/20250927_171942.jpg?resize=350%2C200 1x, https:\/\/i0.wp.com\/www.reseau-to.fr\/site\/wp-content\/uploads\/2025\/12\/20250927_171942.jpg?resize=525%2C300 1.5x, https:\/\/i0.wp.com\/www.reseau-to.fr\/site\/wp-content\/uploads\/2025\/12\/20250927_171942.jpg?resize=700%2C400 2x"},"classes":[]},{"id":197,"url":"https:\/\/www.reseau-to.fr\/site\/?page_id=197","url_meta":{"origin":60,"position":3},"title":"4\u00e8me rencontre","author":"Jean-Fran\u00e7ois Martel","date":"11 mars 2016","format":false,"excerpt":"4\u00e8me rencontre: 28\/29 Mars 2015 ADRESSE\u00a0: La fabrique de mouvements, 5 rue de Valmy\u00a0\u00e0\u00a0Aubervilliers. Prendre le RER B jusqu\u2019\u00e0\u00a0la station Courneuve-Aubervilliers, puis 5mn de marche\u00a0\u00e0\u00a0pieds: Sortir, repasser sous les voies, prendre la premi\u00e8re rue\u00a0\u00e0\u00a0droite (un traiteur maghr\u00e9bin fait l\u2019angle) et marcher tout droit jusqu\u2019au lieu (attention la rue de Valmy\u2026","rel":"","context":"Article similaire","block_context":{"text":"Article similaire","link":""},"img":{"alt_text":"","src":"","width":0,"height":0},"classes":[]},{"id":167,"url":"https:\/\/www.reseau-to.fr\/site\/?page_id=167","url_meta":{"origin":60,"position":4},"title":"Ordre du jour de la 6\u00e8me rencontre. 13\/3\/16","author":"Jean-Fran\u00e7ois Martel","date":"10 mars 2016","format":false,"excerpt":"ORDRE DU JOUR de la\u00a0 6\u00e8me rencontre: 13 \/3\/ 2016 Bonjour, en concertation avec les inscrits, nous avons opt\u00e9 pour UNE seule journ\u00e9e (et non deux): ce sera DIMANCHE 13 MARS de 10h \u00e0 18h. (la veille quelques uns iront dans l\u2019Oise voir deux brefs th\u00e9\u00e2tre-forum de naje). Neuf groupes\u2026","rel":"","context":"Article similaire","block_context":{"text":"Article similaire","link":""},"img":{"alt_text":"","src":"","width":0,"height":0},"classes":[]},{"id":225,"url":"https:\/\/www.reseau-to.fr\/site\/?page_id=225","url_meta":{"origin":60,"position":5},"title":"Quelques pratiques de r\u00e9seau","author":"Jean-Fran\u00e7ois Martel","date":"12 mars 2016","format":false,"excerpt":"Nous ne partons pas de rien, en terme de pratiques de \"r\u00e9seau concret\" Se rencontrer, pourquoi ? Le TO a souffert dans le pass\u00e9, de la volont\u00e9 de leadership d'un groupe ou d'une personne, de pratiques de jugement, et m\u00eame de scissions et d'exclusions. \u00a0 Mais les rencontres et les\u2026","rel":"","context":"Article similaire","block_context":{"text":"Article similaire","link":""},"img":{"alt_text":"","src":"","width":0,"height":0},"classes":[]}],"_links":{"self":[{"href":"https:\/\/www.reseau-to.fr\/site\/index.php?rest_route=\/wp\/v2\/pages\/60","targetHints":{"allow":["GET"]}}],"collection":[{"href":"https:\/\/www.reseau-to.fr\/site\/index.php?rest_route=\/wp\/v2\/pages"}],"about":[{"href":"https:\/\/www.reseau-to.fr\/site\/index.php?rest_route=\/wp\/v2\/types\/page"}],"author":[{"embeddable":true,"href":"https:\/\/www.reseau-to.fr\/site\/index.php?rest_route=\/wp\/v2\/users\/2"}],"replies":[{"embeddable":true,"href":"https:\/\/www.reseau-to.fr\/site\/index.php?rest_route=%2Fwp%2Fv2%2Fcomments&post=60"}],"version-history":[{"count":5,"href":"https:\/\/www.reseau-to.fr\/site\/index.php?rest_route=\/wp\/v2\/pages\/60\/revisions"}],"predecessor-version":[{"id":14440,"href":"https:\/\/www.reseau-to.fr\/site\/index.php?rest_route=\/wp\/v2\/pages\/60\/revisions\/14440"}],"up":[{"embeddable":true,"href":"https:\/\/www.reseau-to.fr\/site\/index.php?rest_route=\/wp\/v2\/pages\/662"}],"wp:attachment":[{"href":"https:\/\/www.reseau-to.fr\/site\/index.php?rest_route=%2Fwp%2Fv2%2Fmedia&parent=60"}],"curies":[{"name":"wp","href":"https:\/\/api.w.org\/{rel}","templated":true}]}}

Seconde rencontre du réseau

Jean-François Martel

RESUME DE LA 2ème rencontre RESEAU TO 15 mars 2014 PARISPour écrire à tous, une seule adresse:  participants@listes.reseau-to.fr4 règles d'utilisation:Utiliser cet alias pour diffuser newsletters, spectacles, questions et propositions.Mettre toujours un "objet" bien clairN'envoyer que des infos, textes, questions ou avis qui concernent tout le monde.N'utiliser cette adresse que pour…

Rencontre du réseau du Théâtre de l’opprimé n° 20 &#8211; Septembre 2025

A Paris- 13ème arrondissement- Centre social Sommaire : A- Les groupes et personnes présentes B- Présentation du mémoire d’Armelle : l’instrumentalisation en théâtre forum C- Thématique du week-end : Les commandes tordues ! D- Assemblée générale E- Travail sur le fonctionnement du réseau, les cotisations et les statuts F- Les prochaines rencontres G- Échange…

20e Rencontre du réseau du Théâtre de l’opprimé &#8211; Septembre 2025

4ème rencontre

4ème rencontre: 28/29 Mars 2015 ADRESSE : La fabrique de mouvements, 5 rue de Valmy à Aubervilliers. Prendre le RER B jusqu’à la station Courneuve-Aubervilliers, puis 5mn de marche à pieds: Sortir, repasser sous les voies, prendre la première rue à droite (un traiteur maghrébin fait l’angle) et marcher tout droit jusqu’au lieu (attention la rue de Valmy…

Ordre du jour de la 6ème rencontre. 13/3/16

ORDRE DU JOUR de la  6ème rencontre: 13 /3/ 2016 Bonjour, en concertation avec les inscrits, nous avons opté pour UNE seule journée (et non deux): ce sera DIMANCHE 13 MARS de 10h à 18h. (la veille quelques uns iront dans l’Oise voir deux brefs théâtre-forum de naje). Neuf groupes…

Quelques pratiques de réseau

Nous ne partons pas de rien, en terme de pratiques de "réseau concret" Se rencontrer, pourquoi ? Le TO a souffert dans le passé, de la volonté de leadership d'un groupe ou d'une personne, de pratiques de jugement, et même de scissions et d'exclusions.   Mais les rencontres et les…
